{"version":"1.0","provider_name":"AXRadio","provider_url":"https:\/\/www.iax.es\/axradio","author_name":"Juan","author_url":"https:\/\/www.iax.es\/axradio\/author\/juanf-carrioniax-es\/","title":"Especial Premios Juventud 2017 &ndash; AXRadio","type":"rich","width":600,"height":338,"html":"<blockquote class=\"wp-embedded-content\"><a href=\"https:\/\/www.iax.es\/axradio\/e0004\/\">Especial Premios Juventud 2017<\/a><\/blockquote>\n<script type='text\/javascript'>\n<!--\/\/--><![CDATA[\/\/><!--\n\t\t\/*! This file is auto-generated *\/\n\t\t!function(c,d){\"use strict\";var e=!1,n=!1;if(d.querySelector)if(c.addEventListener)e=!0;if(c.wp=c.wp||{},!c.wp.receiveEmbedMessage)if(c.wp.receiveEmbedMessage=function(e){var t=e.data;if(t)if(t.secret||t.message||t.value)if(!\/[^a-zA-Z0-9]\/.test(t.secret)){for(var r,a,i,s=d.querySelectorAll('iframe[data-secret=\"'+t.secret+'\"]'),n=d.querySelectorAll('blockquote[data-secret=\"'+t.secret+'\"]'),o=0;o<n.length;o++)n[o].style.display=\"none\";for(o=0;o<s.length;o++)if(r=s[o],e.source===r.contentWindow){if(r.removeAttribute(\"style\"),\"height\"===t.message){if(1e3<(i=parseInt(t.value,10)))i=1e3;else if(~~i<200)i=200;r.height=i}if(\"link\"===t.message)if(a=d.createElement(\"a\"),i=d.createElement(\"a\"),a.href=r.getAttribute(\"src\"),i.href=t.value,i.host===a.host)if(d.activeElement===r)c.top.location.href=t.value}}},e)c.addEventListener(\"message\",c.wp.receiveEmbedMessage,!1),d.addEventListener(\"DOMContentLoaded\",t,!1),c.addEventListener(\"load\",t,!1);function t(){if(!n){n=!0;for(var e,t,r=-1!==navigator.appVersion.indexOf(\"MSIE 10\"),a=!!navigator.userAgent.match(\/Trident.*rv:11\\.\/),i=d.querySelectorAll(\"iframe.wp-embedded-content\"),s=0;s<i.length;s++){if(!(e=i[s]).getAttribute(\"data-secret\"))t=Math.random().toString(36).substr(2,10),e.src+=\"#?secret=\"+t,e.setAttribute(\"data-secret\",t);if(r||a)(t=e.cloneNode(!0)).removeAttribute(\"security\"),e.parentNode.replaceChild(t,e)}}}}(window,document);\n\/\/--><!]]>\n<\/script><iframe sandbox=\"allow-scripts\" security=\"restricted\" src=\"https:\/\/www.iax.es\/axradio\/e0004\/embed\/\" width=\"600\" height=\"338\" title=\"\u00abEspecial Premios Juventud 2017\u00bb \u2014 AXRadio\" frameborder=\"0\" marginwidth=\"0\" marginheight=\"0\" scrolling=\"no\" class=\"wp-embedded-content\"><\/iframe>","thumbnail_url":"https:\/\/www.iax.es\/axradio\/wp-content\/uploads\/sites\/2\/2017\/12\/DRE40djW0AAwCq0.jpg","thumbnail_width":1200,"thumbnail_height":800,"description":"\u00a1La Asociaci\u00f3n de Estudiantes IES Alfonso X el Sabio de Murcia fue galardonada con el Premio Participaci\u00f3n en los Premios Juventud Regi\u00f3n de Murcia 2017! Adem\u00e1s, fuimos los primeros en recoger permio, no te pierdas la retransmisi\u00f3n de la gala en\u00a0http:\/\/webtv.7tvregiondemurcia.es\/retransmisiones\/murcia-en-vivo\/2017\/21122017-premios-juventud-2017\/. Puedes escuchar la entrevista a D. Fernando L\u00f3pez Miras, presidente de la Comunidad Aut\u00f3noma [&hellip;]"}

¡La Asociación de Estudiantes IES Alfonso X el Sabio de Murcia fue galardonada con el Premio Participación en los Premios Juventud Región de Murcia 2017! Además, fuimos los primeros en recoger permio, no te pierdas la retransmisión de la gala en http://webtv.7tvregiondemurcia.es/retransmisiones/murcia-en-vivo/2017/21122017-premios-juventud-2017/. Puedes escuchar la entrevista a D. Fernando López Miras, presidente de la Comunidad Autónoma [&hellip;]
