{"id":7,"date":"2017-08-09T14:11:38","date_gmt":"2017-08-09T12:11:38","guid":{"rendered":"http:\/\/www.iax.es\/axradio\/?page_id=6"},"modified":"2023-09-06T09:17:44","modified_gmt":"2023-09-06T08:17:44","slug":"equipo","status":"publish","type":"page","link":"https:\/\/www.iax.es\/axradio\/equipo\/","title":{"rendered":"Equipo"},"content":{"rendered":"<p>El equipo de AXRadio se compone de profesores y estudiantes de ESO, Bachillerato y Formaci\u00f3n Profesional del Instituto de Educaci\u00f3n Secundaria Alfonso X el Sabio, coordinados por el profesor \u00c1ngel Ceballos Ortiz.<\/p>\n<p>Para contactar con el equipo de AXRadio, puedes utilizar la direcci\u00f3n de correo electr\u00f3nico <a href=\"mailto:axradio@iax.es\">axradio@iax.es<\/a>\u00a0y nuestras redes sociales, <a href=\"https:\/\/twitter.com\/axradioes\/\" target=\"_blank\" rel=\"noopener noreferrer\">Twitter<\/a>, <a href=\"https:\/\/instagram.com\/axradioes\/\" target=\"_blank\" rel=\"noopener noreferrer\">Instagram<\/a> , <a href=\"https:\/\/www.tiktok.com\/@axradio\">TikTok<\/a> y <a href=\"https:\/\/facebook.com\/axradioes\/\" target=\"_blank\" rel=\"noopener noreferrer\">Facebook<\/a>.<\/p>\n\n\n<p><\/p>\n","protected":false},"excerpt":{"rendered":"El equipo de AXRadio se compone de profesores y estudiantes de ESO, Bachillerato y Formaci\u00f3n Profesional del Instituto de Educaci\u00f3n Secundaria Alfonso X el Sabio, coordinados por el profesor \u00c1ngel Ceballos Ortiz. Para contactar con el equipo de AXRadio, puedes utilizar la direcci\u00f3n de correo electr\u00f3nico axradio@iax.es\u00a0y nuestras redes sociales, Twitter, Instagram , TikTok y [&hellip;]","protected":false},"author":1,"featured_media":860,"parent":0,"menu_order":3,"comment_status":"closed","ping_status":"closed","template":"","meta":[],"yoast_head":"<!-- This site is optimized with the Yoast SEO plugin v16.6.1 - https:\/\/yoast.com\/wordpress\/plugins\/seo\/ -->\n<title>Equipo &ndash; AXRadio<\/title>\n<meta name=\"robots\" content=\"index, follow, max-snippet:-1, max-image-preview:large, max-video-preview:-1\" \/>\n<link rel=\"canonical\" href=\"https:\/\/www.iax.es\/axradio\/equipo\/\" \/>\n<meta property=\"og:locale\" content=\"es_ES\" \/>\n<meta property=\"og:type\" content=\"article\" \/>\n<meta property=\"og:title\" content=\"Equipo &ndash; AXRadio\" \/>\n<meta property=\"og:description\" content=\"El equipo de AXRadio se compone de profesores y estudiantes de ESO, Bachillerato y Formaci\u00f3n Profesional del Instituto de Educaci\u00f3n Secundaria Alfonso X el Sabio, coordinados por el profesor \u00c1ngel Ceballos Ortiz. Para contactar con el equipo de AXRadio, puedes utilizar la direcci\u00f3n de correo electr\u00f3nico axradio@iax.es\u00a0y nuestras redes sociales, Twitter, Instagram , TikTok y [&hellip;]\" \/>\n<meta property=\"og:url\" content=\"https:\/\/www.iax.es\/axradio\/equipo\/\" \/>\n<meta property=\"og:site_name\" content=\"AXRadio\" \/>\n<meta property=\"article:publisher\" content=\"https:\/\/www.facebook.com\/AXRadioES\/\" \/>\n<meta property=\"article:modified_time\" content=\"2023-09-06T08:17:44+00:00\" \/>\n<meta property=\"og:image\" content=\"https:\/\/www.iax.es\/axradio\/wp-content\/uploads\/sites\/2\/IMG_6806-e1693988245585.jpg\" \/>\n\t<meta property=\"og:image:width\" content=\"958\" \/>\n\t<meta property=\"og:image:height\" content=\"543\" \/>\n<meta name=\"twitter:card\" content=\"summary_large_image\" \/>\n<meta name=\"twitter:site\" content=\"@AXRadioES\" \/>\n<meta name=\"twitter:label1\" content=\"Tiempo de lectura\" \/>\n\t<meta name=\"twitter:data1\" content=\"1 minuto\" \/>\n<script type=\"application\/ld+json\" class=\"yoast-schema-graph\">{\"@context\":\"https:\/\/schema.org\",\"@graph\":[{\"@type\":\"Organization\",\"@id\":\"https:\/\/www.iax.es\/axradio\/#organization\",\"name\":\"AXRadio\",\"url\":\"https:\/\/www.iax.es\/axradio\/\",\"sameAs\":[\"https:\/\/www.facebook.com\/AXRadioES\/\",\"https:\/\/www.instagram.com\/axradioes\/\",\"https:\/\/twitter.com\/AXRadioES\"],\"logo\":{\"@type\":\"ImageObject\",\"@id\":\"https:\/\/www.iax.es\/axradio\/#logo\",\"inLanguage\":\"es\",\"url\":\"https:\/\/www.iax.es\/axradio\/wp-content\/uploads\/sites\/2\/2017\/12\/logo-axradio-borderapp.png\",\"contentUrl\":\"https:\/\/www.iax.es\/axradio\/wp-content\/uploads\/sites\/2\/2017\/12\/logo-axradio-borderapp.png\",\"width\":260,\"height\":260,\"caption\":\"AXRadio\"},\"image\":{\"@id\":\"https:\/\/www.iax.es\/axradio\/#logo\"}},{\"@type\":\"WebSite\",\"@id\":\"https:\/\/www.iax.es\/axradio\/#website\",\"url\":\"https:\/\/www.iax.es\/axradio\/\",\"name\":\"AXRadio\",\"description\":\"La radio del IES Alfonso X el Sabio de Murcia\",\"publisher\":{\"@id\":\"https:\/\/www.iax.es\/axradio\/#organization\"},\"potentialAction\":[{\"@type\":\"SearchAction\",\"target\":{\"@type\":\"EntryPoint\",\"urlTemplate\":\"https:\/\/www.iax.es\/axradio\/?s={search_term_string}\"},\"query-input\":\"required name=search_term_string\"}],\"inLanguage\":\"es\"},{\"@type\":\"ImageObject\",\"@id\":\"https:\/\/www.iax.es\/axradio\/equipo\/#primaryimage\",\"inLanguage\":\"es\",\"url\":\"https:\/\/www.iax.es\/axradio\/wp-content\/uploads\/sites\/2\/IMG_6806-e1693988245585.jpg\",\"contentUrl\":\"https:\/\/www.iax.es\/axradio\/wp-content\/uploads\/sites\/2\/IMG_6806-e1693988245585.jpg\",\"width\":958,\"height\":543},{\"@type\":\"WebPage\",\"@id\":\"https:\/\/www.iax.es\/axradio\/equipo\/#webpage\",\"url\":\"https:\/\/www.iax.es\/axradio\/equipo\/\",\"name\":\"Equipo &ndash; AXRadio\",\"isPartOf\":{\"@id\":\"https:\/\/www.iax.es\/axradio\/#website\"},\"primaryImageOfPage\":{\"@id\":\"https:\/\/www.iax.es\/axradio\/equipo\/#primaryimage\"},\"datePublished\":\"2017-08-09T12:11:38+00:00\",\"dateModified\":\"2023-09-06T08:17:44+00:00\",\"breadcrumb\":{\"@id\":\"https:\/\/www.iax.es\/axradio\/equipo\/#breadcrumb\"},\"inLanguage\":\"es\",\"potentialAction\":[{\"@type\":\"ReadAction\",\"target\":[\"https:\/\/www.iax.es\/axradio\/equipo\/\"]}]},{\"@type\":\"BreadcrumbList\",\"@id\":\"https:\/\/www.iax.es\/axradio\/equipo\/#breadcrumb\",\"itemListElement\":[{\"@type\":\"ListItem\",\"position\":1,\"name\":\"Portada\",\"item\":\"https:\/\/www.iax.es\/axradio\/\"},{\"@type\":\"ListItem\",\"position\":2,\"name\":\"Equipo\"}]}]}<\/script>\n<!-- \/ Yoast SEO plugin. -->","_links":{"self":[{"href":"https:\/\/www.iax.es\/axradio\/wp-json\/wp\/v2\/pages\/7"}],"collection":[{"href":"https:\/\/www.iax.es\/axradio\/wp-json\/wp\/v2\/pages"}],"about":[{"href":"https:\/\/www.iax.es\/axradio\/wp-json\/wp\/v2\/types\/page"}],"author":[{"embeddable":true,"href":"https:\/\/www.iax.es\/axradio\/wp-json\/wp\/v2\/users\/1"}],"replies":[{"embeddable":true,"href":"https:\/\/www.iax.es\/axradio\/wp-json\/wp\/v2\/comments?post=7"}],"version-history":[{"count":6,"href":"https:\/\/www.iax.es\/axradio\/wp-json\/wp\/v2\/pages\/7\/revisions"}],"predecessor-version":[{"id":861,"href":"https:\/\/www.iax.es\/axradio\/wp-json\/wp\/v2\/pages\/7\/revisions\/861"}],"wp:featuredmedia":[{"embeddable":true,"href":"https:\/\/www.iax.es\/axradio\/wp-json\/wp\/v2\/media\/860"}],"wp:attachment":[{"href":"https:\/\/www.iax.es\/axradio\/wp-json\/wp\/v2\/media?parent=7"}],"curies":[{"name":"wp","href":"https:\/\/api.w.org\/{rel}","templated":true}]}}