{"id":19,"date":"2019-10-29T09:44:48","date_gmt":"2019-09-23T10:21:25","guid":{"rendered":"https:\/\/www.iax.es\/iciax\/?page_id=19"},"modified":"2023-11-05T21:59:25","modified_gmt":"2023-11-05T20:59:25","slug":"programa","status":"publish","type":"page","link":"https:\/\/www.iax.es\/iciax\/programa\/","title":{"rendered":"Programa"},"content":{"rendered":"\n<h4><strong>MI\u00c9RCOLES 20 DE MARZO DE 2024<\/strong><\/h4>\n\n\n\n<ul><li>De 17:30 a 18:00 horas. INAUGURACI\u00d3N OFICIAL DEL I+C+IAX por el Excmo. Sr. Victor Mar\u00edn, Consejero de Educaci\u00f3n, Formaci\u00f3n Profesional y Empleo de la Comunidad Aut\u00f3noma de la Regi\u00f3n de Murcia y D. Andr\u00e9s Nieto, director del Centro. Lugar: Sal\u00f3n de actos del IES Alfonso X el Sabio.<\/li><li>De 18:00 a 18:45 horas. CONFERENCIA INAGURAL. (Ponente por determinar)<\/li><li>A las 19:30 horas. RECEPCI\u00d3N OFICIAL del Ilmo Sr. D. Jos\u00e9 Ballesta, Alcalde del Ayuntamiento de Murcia. Lugar: Sal\u00f3n de Plenos del Ayuntamiento de Murcia. A la finalizaci\u00f3n, VISITA TUR\u00cdSTICA GUIADA por el centro de Murcia y ruta de tapeo por Murcia.<\/li><\/ul>\n\n\n\n<h4><strong>JUEVES 21 DE MARZO DE 2024<\/strong><\/h4>\n\n\n\n<ul><li>De 9:00 a 11:30. DESARROLLO DE PENENCIAS. Lugar: Aulas AGU01 a AGU06.<\/li><li>De 11:30 a 12:00. PAUSA-CAF\u00c9.<\/li><li>De 12:00 a 14:00. DESARROLLO DE PENENCIAS. Lugar: Aulas AGU01 a AGU06.<\/li><li>De 14:30 a 16:30. PAUSA-COMIDA.<\/li><li>De 17:00 a 19:00. DESARROLLO DE PENENCIAS. Lugar: Aulas AGU01 a AGU06.<\/li><li>De 19:00 a 19:15. PAUSA-CAF\u00c9.<\/li><li>De 19:15 a 20:00. VISTA MUSEO ALFONSO X EL SABIO (MUSAX).<\/li><li>A las 20:00 horas. CLAUSURA DEL ENCUENTRO por D\u00aa Sonia Madrid, Vicerrectora de Estudios de la Universidad de Murcia, D\u00aa Mar\u00eda Dolores Romero, Coordinadora del Bachillerato Internacional del IES Alfonso X el Sabio y D. Andr\u00e9s Nieto, director del Centro. ENTREGA DE DIPLOMAS Y CERTIFICACIONES EN EL SAL\u00d3N DE ACTOS DEL IES ALFONSO X EL SABIO. A la finalizaci\u00f3n cocktail\/cena fr\u00eda en la cantina del centro (cortes\u00eda de la Asociaci\u00f3n de Madres y Padres de alumnos del IAX).<\/li><\/ul>\n\n\n\n<h4><strong>VIERNES 22 DE MARZO DE 2024<\/strong><\/h4>\n\n\n\n<ul><li> A las 9:00 horas. TURISMO EN LA REGI\u00d3N DE MURCIA. Salida en autocar desde el instituto. Vista a Caravaca de la Cruz o Cartagena Puerto de Culturas (pendiente de determinar). A la finalizaci\u00f3n de la visita, regreso a los puntos de origen.<\/li><\/ul>\n\n\n\n<p><\/p>\n","protected":false},"excerpt":{"rendered":"<p>MI\u00c9RCOLES 20 DE MARZO DE 2024 De 17:30 a 18:00 horas. INAUGURACI\u00d3N OFICIAL DEL I+C+IAX por el Excmo. Sr. Victor Mar\u00edn, Consejero de Educaci\u00f3n, Formaci\u00f3n Profesional y Empleo de la Comunidad Aut\u00f3noma de la Regi\u00f3n de Murcia y D. Andr\u00e9s Nieto, director del Centro. Lugar: Sal\u00f3n de actos del IES Alfonso X el Sabio. De [&hellip;]<\/p>\n","protected":false},"author":3,"featured_media":101,"parent":0,"menu_order":2,"comment_status":"closed","ping_status":"closed","template":"","meta":[],"yoast_head":"<!-- This site is optimized with the Yoast SEO plugin v16.6.1 - https:\/\/yoast.com\/wordpress\/plugins\/seo\/ -->\n<title>Programa - I+C+IAX<\/title>\n<meta name=\"robots\" content=\"index, follow, max-snippet:-1, max-image-preview:large, max-video-preview:-1\" \/>\n<link rel=\"canonical\" href=\"https:\/\/www.iax.es\/iciax\/programa\/\" \/>\n<meta property=\"og:locale\" content=\"es_ES\" \/>\n<meta property=\"og:type\" content=\"article\" \/>\n<meta property=\"og:title\" content=\"Programa - I+C+IAX\" \/>\n<meta property=\"og:description\" content=\"MI\u00c9RCOLES 20 DE MARZO DE 2024 De 17:30 a 18:00 horas. INAUGURACI\u00d3N OFICIAL DEL I+C+IAX por el Excmo. Sr. Victor Mar\u00edn, Consejero de Educaci\u00f3n, Formaci\u00f3n Profesional y Empleo de la Comunidad Aut\u00f3noma de la Regi\u00f3n de Murcia y D. Andr\u00e9s Nieto, director del Centro. Lugar: Sal\u00f3n de actos del IES Alfonso X el Sabio. De [&hellip;]\" \/>\n<meta property=\"og:url\" content=\"https:\/\/www.iax.es\/iciax\/programa\/\" \/>\n<meta property=\"og:site_name\" content=\"I+C+IAX\" \/>\n<meta property=\"article:modified_time\" content=\"2023-11-05T20:59:25+00:00\" \/>\n<meta property=\"og:image\" content=\"https:\/\/www.iax.es\/iciax\/wp-content\/uploads\/sites\/7\/2019\/11\/iciax-bktest-1.jpg\" \/>\n\t<meta property=\"og:image:width\" content=\"1920\" \/>\n\t<meta property=\"og:image:height\" content=\"1080\" \/>\n<meta name=\"twitter:card\" content=\"summary_large_image\" \/>\n<meta name=\"twitter:label1\" content=\"Tiempo de lectura\" \/>\n\t<meta name=\"twitter:data1\" content=\"2 minutos\" \/>\n<script type=\"application\/ld+json\" class=\"yoast-schema-graph\">{\"@context\":\"https:\/\/schema.org\",\"@graph\":[{\"@type\":\"WebSite\",\"@id\":\"https:\/\/www.iax.es\/iciax\/#website\",\"url\":\"https:\/\/www.iax.es\/iciax\/\",\"name\":\"I+C+IAX\",\"description\":\"I Encuentro internacional de estudiantes investigadores y creativos del IES Alfonso X El Sabio\",\"potentialAction\":[{\"@type\":\"SearchAction\",\"target\":{\"@type\":\"EntryPoint\",\"urlTemplate\":\"https:\/\/www.iax.es\/iciax\/?s={search_term_string}\"},\"query-input\":\"required name=search_term_string\"}],\"inLanguage\":\"es\"},{\"@type\":\"ImageObject\",\"@id\":\"https:\/\/www.iax.es\/iciax\/programa\/#primaryimage\",\"inLanguage\":\"es\",\"url\":\"https:\/\/www.iax.es\/iciax\/wp-content\/uploads\/sites\/7\/2019\/11\/iciax-bktest-1.jpg\",\"contentUrl\":\"https:\/\/www.iax.es\/iciax\/wp-content\/uploads\/sites\/7\/2019\/11\/iciax-bktest-1.jpg\",\"width\":1920,\"height\":1080},{\"@type\":\"WebPage\",\"@id\":\"https:\/\/www.iax.es\/iciax\/programa\/#webpage\",\"url\":\"https:\/\/www.iax.es\/iciax\/programa\/\",\"name\":\"Programa - I+C+IAX\",\"isPartOf\":{\"@id\":\"https:\/\/www.iax.es\/iciax\/#website\"},\"primaryImageOfPage\":{\"@id\":\"https:\/\/www.iax.es\/iciax\/programa\/#primaryimage\"},\"datePublished\":\"2019-09-23T10:21:25+00:00\",\"dateModified\":\"2023-11-05T20:59:25+00:00\",\"breadcrumb\":{\"@id\":\"https:\/\/www.iax.es\/iciax\/programa\/#breadcrumb\"},\"inLanguage\":\"es\",\"potentialAction\":[{\"@type\":\"ReadAction\",\"target\":[\"https:\/\/www.iax.es\/iciax\/programa\/\"]}]},{\"@type\":\"BreadcrumbList\",\"@id\":\"https:\/\/www.iax.es\/iciax\/programa\/#breadcrumb\",\"itemListElement\":[{\"@type\":\"ListItem\",\"position\":1,\"name\":\"Portada\",\"item\":\"https:\/\/www.iax.es\/iciax\/\"},{\"@type\":\"ListItem\",\"position\":2,\"name\":\"Programa\"}]}]}<\/script>\n<!-- \/ Yoast SEO plugin. -->","_links":{"self":[{"href":"https:\/\/www.iax.es\/iciax\/wp-json\/wp\/v2\/pages\/19"}],"collection":[{"href":"https:\/\/www.iax.es\/iciax\/wp-json\/wp\/v2\/pages"}],"about":[{"href":"https:\/\/www.iax.es\/iciax\/wp-json\/wp\/v2\/types\/page"}],"author":[{"embeddable":true,"href":"https:\/\/www.iax.es\/iciax\/wp-json\/wp\/v2\/users\/3"}],"replies":[{"embeddable":true,"href":"https:\/\/www.iax.es\/iciax\/wp-json\/wp\/v2\/comments?post=19"}],"version-history":[{"count":26,"href":"https:\/\/www.iax.es\/iciax\/wp-json\/wp\/v2\/pages\/19\/revisions"}],"predecessor-version":[{"id":212,"href":"https:\/\/www.iax.es\/iciax\/wp-json\/wp\/v2\/pages\/19\/revisions\/212"}],"wp:featuredmedia":[{"embeddable":true,"href":"https:\/\/www.iax.es\/iciax\/wp-json\/wp\/v2\/media\/101"}],"wp:attachment":[{"href":"https:\/\/www.iax.es\/iciax\/wp-json\/wp\/v2\/media?parent=19"}],"curies":[{"name":"wp","href":"https:\/\/api.w.org\/{rel}","templated":true}]}}