{"id":323,"date":"2017-07-10T15:33:28","date_gmt":"2017-07-10T14:33:28","guid":{"rendered":"https:\/\/www.iax.es\/musax\/?page_id=323"},"modified":"2019-06-04T22:32:52","modified_gmt":"2019-06-04T21:32:52","slug":"musax-2","status":"publish","type":"page","link":"https:\/\/www.iax.es\/musax\/","title":{"rendered":"Museo Alfonso X el Sabio"},"content":{"rendered":"<p style=\"border: 2px solid #FCC107; border-radius: 3px; padding: 24px;\"><b>En construcci\u00f3n<\/b><br \/>\nEsta p\u00e1gina se encuentra en construcci\u00f3n. Para cualquier duda, contactar con el <a href=\"https:\/\/www.juancarrion.ml\">desarrollador<\/a> o con el <a href=\"https:\/\/www.iax.es\">centro<\/a>.<\/p>\n<h2>Visitas<\/h2>\n<p>El horario de apertura durante este curso escolar (2016-2017) es el siguiente, salvo periodo de evaluaciones y vacaciones: martes de 10:15 a 13:00 h. y viernes de 10:15 a 12:15 h.<\/p>\n<p>Los grupos de visita estar\u00e1n entre los 20 y los 25 alumnos y se admitir\u00e1n hasta 2 visitas por d\u00eda. Los interesados pueden pedir cita enviando un correo electr\u00f3nico con los detalles a <a href=\"mailto:musax@iax.es\">musax@iax.es<\/a>, solicitando la visita con un m\u00ednimo de 10 d\u00edas de antelaci\u00f3n. En el plazo de 3 d\u00edas se contestar\u00e1 al correo electr\u00f3nico del remitente indicando si su petici\u00f3n es viable.Un saludo,<\/p>\n<p>Jos\u00e9 Luis Yepes<br \/>\nCoordinador de MusaX<\/p>\n<h2>Introducci\u00f3n<\/h2>\n<p>El valioso patrimonio del antiguo\u00a0<a href=\"http:\/\/servicios.educarm.es\/templates\/portal\/images\/ficheros\/noticias\/5994\/historiaalfonsox.pdf\">Instituto Provincial de Segunda Ense\u00f1anza de Murcia<\/a>, actualmente\u00a0<a href=\"https:\/\/www.iax.es\/\" target=\"_blank\" rel=\"noopener noreferrer\">IES Alfonso X el Sabio<\/a>,\u00a0ha sido atesorado desde que sus puertas fueron abiertas por una Real Orden de 1837. Es el tercer centro de ense\u00f1anza media m\u00e1s antiguo de Espa\u00f1a. Durante sus primeros a\u00f1os\u00a0fue sostenido con rentas y propiedades de la desamortizaci\u00f3n de Mendizabal, instalado entonces en el edificio del\u00a0<a href=\"https:\/\/es.wikipedia.org\/wiki\/Antiguo_Colegio_de_Te%C3%B3logos_de_San_Isidoro\">Antiguo Colegio de Te\u00f3logos de San Isidro<\/a>, tambi\u00e9n desamortizado y contiguo al\u00a0<a href=\"https:\/\/es.wikipedia.org\/wiki\/Palacio_Episcopal_de_Murcia\">Palacio Episcopal<\/a>.<\/p>\n<p>Gracias a la buena gesti\u00f3n y al amparo de las nuevas leyes liberales, ya como Instituto Provincial, gener\u00f3 un super\u00e1vit millonario que se invirti\u00f3 en la compra de los mejores instrumentos cient\u00edficos del momento -dignos de las mejores universidades europeas- y en la adquisici\u00f3n y mantenimiento por un experto taxidermista de espec\u00edmenes animales de los cinco continentes.<\/p>\n<p>El\u00a0<a href=\"https:\/\/www.iax.es\/musax\/el-museo\/historia\/\">Fondo Antiguo de la Biblioteca Hist\u00f3rica<\/a>\u00a0fue el origen, en 1860, de la primera biblioteca p\u00fablica de Murcia, matriz a su vez de las actuales Universitaria y Regional de El Carmen, en 1936. Atesora libros de los siglos XVI, XVII y XVIII, de los conventos desamortizados de las ciudades de Murcia y Jumilla y del suprimido\u00a0<a href=\"https:\/\/es.wikipedia.org\/wiki\/Palacio_de_San_Esteban_(Murcia)\">colegio-convento de Jesu\u00edtas<\/a>, as\u00ed como ejemplares del siglo XIX.<\/p>\n<p>Cuanto ha sobrevivido de este centenario patrimonio bibliogr\u00e1fico y cient\u00edfico se encuentra distribuido en el Museo Alfonso X el Sabio (<a href=\"https:\/\/www.iax.es\/musax\/el-museo\/\">MusaX<\/a>), un museo con excelentes condiciones, en un edificio aut\u00f3nomo de 2010, dentro del recinto del centro, que espera la comprensi\u00f3n de la sociedad murciana y el acierto y buen gusto de sus autoridades, para que abra permanentemente como el gran museo de la ciudad que es.<\/p>\n<p><script data-cfasync=\"false\" src=\"\/cdn-cgi\/scripts\/af2821b0\/cloudflare-static\/email-decode.min.js\"><\/script><\/p>\n","protected":false},"excerpt":{"rendered":"En construcci\u00f3n Esta p\u00e1gina se encuentra en construcci\u00f3n. Para cualquier duda, contactar con el desarrollador o con el centro. Visitas El horario de apertura durante este curso escolar (2016-2017) es el siguiente, salvo periodo de evaluaciones y vacaciones: martes de 10:15 a 13:00 h. y viernes de 10:15 a 12:15 h. Los grupos de visita [&hellip;]","protected":false},"author":1,"featured_media":453,"parent":0,"menu_order":8,"comment_status":"closed","ping_status":"closed","template":"","meta":[],"yoast_head":"<!-- This site is optimized with the Yoast SEO plugin v16.6.1 - https:\/\/yoast.com\/wordpress\/plugins\/seo\/ -->\n<title>Museo Alfonso X el Sabio &ndash; MusaX<\/title>\n<meta name=\"description\" content=\"El valioso patrimonio del IES Alfonso X el Sabio se encuentra distribuido en el Museo Alfonso X el Sabio (MusaX) de Murcia.\" \/>\n<meta name=\"robots\" content=\"index, follow, max-snippet:-1, max-image-preview:large, max-video-preview:-1\" \/>\n<link rel=\"canonical\" href=\"https:\/\/www.iax.es\/musax\/\" \/>\n<meta property=\"og:locale\" content=\"es_ES\" \/>\n<meta property=\"og:type\" content=\"article\" \/>\n<meta property=\"og:title\" content=\"Museo Alfonso X el Sabio &ndash; MusaX\" \/>\n<meta property=\"og:description\" content=\"El valioso patrimonio del IES Alfonso X el Sabio se encuentra distribuido en el Museo Alfonso X el Sabio (MusaX) de Murcia.\" \/>\n<meta property=\"og:url\" content=\"https:\/\/www.iax.es\/musax\/\" \/>\n<meta property=\"og:site_name\" content=\"MusaX\" \/>\n<meta property=\"article:modified_time\" content=\"2019-06-04T21:32:52+00:00\" \/>\n<meta property=\"og:image\" content=\"https:\/\/www.iax.es\/musax\/wp-content\/uploads\/sites\/3\/2018\/04\/corte-musax-1.png\" \/>\n\t<meta property=\"og:image:width\" content=\"2209\" \/>\n\t<meta property=\"og:image:height\" content=\"938\" \/>\n<meta name=\"twitter:card\" content=\"summary_large_image\" \/>\n<meta name=\"twitter:label1\" content=\"Tiempo de lectura\" \/>\n\t<meta name=\"twitter:data1\" content=\"2 minutos\" \/>\n<script type=\"application\/ld+json\" class=\"yoast-schema-graph\">{\"@context\":\"https:\/\/schema.org\",\"@graph\":[{\"@type\":\"WebSite\",\"@id\":\"https:\/\/www.iax.es\/musax\/#website\",\"url\":\"https:\/\/www.iax.es\/musax\/\",\"name\":\"MusaX\",\"description\":\"Museo Alfonso X el Sabio\",\"potentialAction\":[{\"@type\":\"SearchAction\",\"target\":{\"@type\":\"EntryPoint\",\"urlTemplate\":\"https:\/\/www.iax.es\/musax\/?s={search_term_string}\"},\"query-input\":\"required name=search_term_string\"}],\"inLanguage\":\"es\"},{\"@type\":\"ImageObject\",\"@id\":\"https:\/\/www.iax.es\/musax\/#primaryimage\",\"inLanguage\":\"es\",\"url\":\"https:\/\/www.iax.es\/musax\/wp-content\/uploads\/sites\/3\/2018\/04\/corte-musax-1.png\",\"contentUrl\":\"https:\/\/www.iax.es\/musax\/wp-content\/uploads\/sites\/3\/2018\/04\/corte-musax-1.png\",\"width\":2209,\"height\":938},{\"@type\":\"WebPage\",\"@id\":\"https:\/\/www.iax.es\/musax\/#webpage\",\"url\":\"https:\/\/www.iax.es\/musax\/\",\"name\":\"Museo Alfonso X el Sabio &ndash; MusaX\",\"isPartOf\":{\"@id\":\"https:\/\/www.iax.es\/musax\/#website\"},\"primaryImageOfPage\":{\"@id\":\"https:\/\/www.iax.es\/musax\/#primaryimage\"},\"datePublished\":\"2017-07-10T14:33:28+00:00\",\"dateModified\":\"2019-06-04T21:32:52+00:00\",\"description\":\"El valioso patrimonio del IES Alfonso X el Sabio se encuentra distribuido en el Museo Alfonso X el Sabio (MusaX) de Murcia.\",\"breadcrumb\":{\"@id\":\"https:\/\/www.iax.es\/musax\/#breadcrumb\"},\"inLanguage\":\"es\",\"potentialAction\":[{\"@type\":\"ReadAction\",\"target\":[\"https:\/\/www.iax.es\/musax\/\"]}]},{\"@type\":\"BreadcrumbList\",\"@id\":\"https:\/\/www.iax.es\/musax\/#breadcrumb\",\"itemListElement\":[{\"@type\":\"ListItem\",\"position\":1,\"name\":\"Portada\",\"item\":\"https:\/\/www.iax.es\/musax\/\"},{\"@type\":\"ListItem\",\"position\":2,\"name\":\"Museo Alfonso X el Sabio\"}]}]}<\/script>\n<!-- \/ Yoast SEO plugin. -->","_links":{"self":[{"href":"https:\/\/www.iax.es\/musax\/wp-json\/wp\/v2\/pages\/323"}],"collection":[{"href":"https:\/\/www.iax.es\/musax\/wp-json\/wp\/v2\/pages"}],"about":[{"href":"https:\/\/www.iax.es\/musax\/wp-json\/wp\/v2\/types\/page"}],"author":[{"embeddable":true,"href":"https:\/\/www.iax.es\/musax\/wp-json\/wp\/v2\/users\/1"}],"replies":[{"embeddable":true,"href":"https:\/\/www.iax.es\/musax\/wp-json\/wp\/v2\/comments?post=323"}],"version-history":[{"count":9,"href":"https:\/\/www.iax.es\/musax\/wp-json\/wp\/v2\/pages\/323\/revisions"}],"predecessor-version":[{"id":458,"href":"https:\/\/www.iax.es\/musax\/wp-json\/wp\/v2\/pages\/323\/revisions\/458"}],"wp:featuredmedia":[{"embeddable":true,"href":"https:\/\/www.iax.es\/musax\/wp-json\/wp\/v2\/media\/453"}],"wp:attachment":[{"href":"https:\/\/www.iax.es\/musax\/wp-json\/wp\/v2\/media?parent=323"}],"curies":[{"name":"wp","href":"https:\/\/api.w.org\/{rel}","templated":true}]}}