{"id":54,"date":"2017-01-21T16:57:07","date_gmt":"2017-01-21T15:57:07","guid":{"rendered":"https:\/\/www.iax.es\/musax\/?page_id=54"},"modified":"2017-12-22T16:35:02","modified_gmt":"2017-12-22T15:35:02","slug":"publicaciones","status":"publish","type":"page","link":"https:\/\/www.iax.es\/musax\/publicaciones\/","title":{"rendered":"Publicaciones"},"content":{"rendered":"<p><strong>Ejemplares bibliogr\u00e1ficos sobre el Musax (Museo Alfonso X)<\/strong><\/p>\n<p><a href=\"https:\/\/www.iax.es\/musax\/wp-content\/uploads\/2017\/01\/PortadaLibroMusax2.jpg\"><img loading=\"lazy\" class=\"size-thumbnail wp-image-55 alignnone\" src=\"https:\/\/www.iax.es\/musax\/wp-content\/uploads\/2017\/01\/PortadaLibroMusax2-150x150.jpg\" alt=\"\" width=\"150\" height=\"150\" \/><\/a><\/p>\n<p>G\u00f3mez S\u00e1nchez, Juan Pedro (Coordinador) (2009): <em><a href=\"https:\/\/www.iax.es\/musax\/wp-content\/uploads\/2017\/01\/Libro_MUSAX.pdf\">Musax. Museo Alfonso X el Sabio de Murcia (clic para descargar PDF)<\/a><\/em>, Servicio de Publicaciones de la Consejer\u00eda de Educaci\u00f3n, Formaci\u00f3n y Empleo de la Regi\u00f3n de Murcia<\/p>\n<p><strong>Ejemplares bibliogr\u00e1ficos sobre el patrimonio del Instituto Alfonso X el Sabio de Murcia (configuraci\u00f3n de las colecciones, de los gabinetes, aspectos hist\u00f3ricos, sociales y cient\u00edficos)<\/strong><\/p>\n<p><a href=\"https:\/\/www.iax.es\/musax\/wp-content\/uploads\/2017\/01\/Verdu_Paya.jpg\"><img loading=\"lazy\" class=\"alignnone size-thumbnail wp-image-56\" src=\"https:\/\/www.iax.es\/musax\/wp-content\/uploads\/2017\/01\/Verdu_Paya-150x150.jpg\" alt=\"\" width=\"150\" height=\"150\" \/><\/a><\/p>\n<p>Verd\u00fa Pay\u00e1, Rafael\u00a0(1958): <em>Lo que el Instituto ha hecho por\u00a0\u00a0\u00a0\u00a0 Murcia<\/em>,\u00a0Ediciones Nogu\u00e9s<\/p>\n<p><a href=\"https:\/\/www.iax.es\/musax\/wp-content\/uploads\/2017\/01\/Libro_hernandzPina_1983.jpg\"><img loading=\"lazy\" class=\"alignnone size-thumbnail wp-image-57\" src=\"https:\/\/www.iax.es\/musax\/wp-content\/uploads\/2017\/01\/Libro_hernandzPina_1983-150x150.jpg\" alt=\"\" width=\"150\" height=\"150\" \/><\/a><\/p>\n<p>Hern\u00e1ndez Pina, Fuensanta (1983): <em>El Primer Centro Oficial de Segunda Ense\u00f1anza en Murcia<\/em>, Ed. Universidad de Murcia<\/p>\n<p><a href=\"https:\/\/www.iax.es\/musax\/wp-content\/uploads\/2017\/01\/Libro_Ramon_1987.jpg\"><img loading=\"lazy\" class=\"alignnone size-thumbnail wp-image-58\" src=\"https:\/\/www.iax.es\/musax\/wp-content\/uploads\/2017\/01\/Libro_Ramon_1987-150x150.jpg\" alt=\"\" width=\"150\" height=\"150\" \/><\/a><\/p>\n<p>Jim\u00e9nez Madrid, Ram\u00f3n (1987): <em>Instituto Alfonso X el Sabio: 150 A\u00f1os de Historia<\/em>, Editora Regional de Murcia<\/p>\n<p><a href=\"https:\/\/www.iax.es\/musax\/wp-content\/uploads\/2017\/01\/LibroCatalogoRamon_1987.jpg\"><img loading=\"lazy\" class=\"alignnone size-thumbnail wp-image-59\" src=\"https:\/\/www.iax.es\/musax\/wp-content\/uploads\/2017\/01\/LibroCatalogoRamon_1987-150x150.jpg\" alt=\"\" width=\"150\" height=\"150\" \/><\/a><\/p>\n<p>Jim\u00e9nez Madrid, Ram\u00f3n (Coordinador) (1987): <em>150 A\u00f1os de Ense\u00f1anza Media. Instituto Alfonso X el Sabio de Murcia, <\/em>Cat\u00e1logo Exposici\u00f3n, Consejer\u00eda de Cultura, Educaci\u00f3n y Turismo de la Comunidad Aut\u00f3noma de la Regi\u00f3n de Murcia<\/p>\n<p><a href=\"https:\/\/www.iax.es\/musax\/wp-content\/uploads\/2017\/01\/Libro_Ramon_2007.jpg\"><img loading=\"lazy\" class=\"alignnone size-thumbnail wp-image-60\" src=\"https:\/\/www.iax.es\/musax\/wp-content\/uploads\/2017\/01\/Libro_Ramon_2007-150x150.jpg\" alt=\"\" width=\"150\" height=\"150\" \/><\/a><\/p>\n<p>Jim\u00e9nez Madrid, Ram\u00f3n (Coordinador) (2007): <em>Fondos de Educaci\u00f3n del Instituto Alfonso X<\/em>, Consejer\u00eda de Educaci\u00f3n y Cultura, Murcia, 2007<\/p>\n<p><a href=\"https:\/\/www.iax.es\/musax\/wp-content\/uploads\/2017\/01\/Libro_Vidal_2008.jpg\"><img loading=\"lazy\" class=\"alignnone size-thumbnail wp-image-62\" src=\"https:\/\/www.iax.es\/musax\/wp-content\/uploads\/2017\/01\/Libro_Vidal_2008-150x150.jpg\" alt=\"\" width=\"150\" height=\"150\" \/><\/a>\u00a0<a href=\"https:\/\/www.iax.es\/musax\/wp-content\/uploads\/2017\/01\/Soporte_Digital.jpg\"><img loading=\"lazy\" class=\"alignnone size-thumbnail wp-image-64\" src=\"https:\/\/www.iax.es\/musax\/wp-content\/uploads\/2017\/01\/Soporte_Digital-150x150.jpg\" alt=\"\" width=\"150\" height=\"150\" \/><\/a><\/p>\n<p>Vidal de Labra, Jos\u00e9 Abelardo (2008): <em>El Museo de F\u00edsica y su contexto hist\u00f3rico-docente<\/em>, Fundaci\u00f3n S\u00e9neca, Murcia<\/p>\n<p><a href=\"https:\/\/www.iax.es\/musax\/wp-content\/uploads\/2017\/01\/LibroCoordVidalW.jpg\"><img loading=\"lazy\" class=\"alignnone size-thumbnail wp-image-65\" src=\"https:\/\/www.iax.es\/musax\/wp-content\/uploads\/2017\/01\/LibroCoordVidalW-150x150.jpg\" alt=\"\" width=\"150\" height=\"150\" \/><\/a><\/p>\n<p>Proyecto de Investigaci\u00f3n de VVAA (Qui\u00f1onero Cervantes, Garc\u00eda Mateos, L\u00f3pez Garc\u00eda, Vidal de Labra, Mu\u00f1oz Ripoll, L\u00f3pez Fern\u00e1ndez)<\/p>\n<p><strong>Publicaciones capitulares<\/strong><\/p>\n<p>&#8211; L\u00f3pez Fern\u00e1ndez, Carlos (2005): \u00abProyecci\u00f3n cient\u00edfica del Instituto Provincial de Segunda Ense\u00f1anza\u00bb, en <em>Ciencia e Instituciones Cient\u00edficas en la Regi\u00f3n de Murcia (1750-1936),<\/em> Valera Candel, Manuel (Ed.), Fundaci\u00f3n S\u00e9neca, Murcia, 2005, p. 137 y ss.<\/p>\n<p>&#8211; L\u00f3pez Fern\u00e1ndez, Carlos (2005): (relacionado con la cultura y ciencia murciana, en el mismo libro): \u00abLa Universidad Libre de Murcia\u00bb, p. 161 y ss.<\/p>\n","protected":false},"excerpt":{"rendered":"Ejemplares bibliogr\u00e1ficos sobre el Musax (Museo Alfonso X) G\u00f3mez S\u00e1nchez, Juan Pedro (Coordinador) (2009): Musax. Museo Alfonso X el Sabio de Murcia (clic para descargar PDF), Servicio de Publicaciones de la Consejer\u00eda de Educaci\u00f3n, Formaci\u00f3n y Empleo de la Regi\u00f3n de Murcia Ejemplares bibliogr\u00e1ficos sobre el patrimonio del Instituto Alfonso X el Sabio de Murcia [&hellip;]","protected":false},"author":1,"featured_media":21,"parent":0,"menu_order":2,"comment_status":"closed","ping_status":"closed","template":"","meta":[],"yoast_head":"<!-- This site is optimized with the Yoast SEO plugin v16.6.1 - https:\/\/yoast.com\/wordpress\/plugins\/seo\/ -->\n<title>Publicaciones &ndash; MusaX<\/title>\n<meta name=\"robots\" content=\"index, follow, max-snippet:-1, max-image-preview:large, max-video-preview:-1\" \/>\n<link rel=\"canonical\" href=\"https:\/\/www.iax.es\/musax\/publicaciones\/\" \/>\n<meta property=\"og:locale\" content=\"es_ES\" \/>\n<meta property=\"og:type\" content=\"article\" \/>\n<meta property=\"og:title\" content=\"Publicaciones &ndash; MusaX\" \/>\n<meta property=\"og:description\" content=\"Ejemplares bibliogr\u00e1ficos sobre el Musax (Museo Alfonso X) G\u00f3mez S\u00e1nchez, Juan Pedro (Coordinador) (2009): Musax. Museo Alfonso X el Sabio de Murcia (clic para descargar PDF), Servicio de Publicaciones de la Consejer\u00eda de Educaci\u00f3n, Formaci\u00f3n y Empleo de la Regi\u00f3n de Murcia Ejemplares bibliogr\u00e1ficos sobre el patrimonio del Instituto Alfonso X el Sabio de Murcia [&hellip;]\" \/>\n<meta property=\"og:url\" content=\"https:\/\/www.iax.es\/musax\/publicaciones\/\" \/>\n<meta property=\"og:site_name\" content=\"MusaX\" \/>\n<meta property=\"article:modified_time\" content=\"2017-12-22T15:35:02+00:00\" \/>\n<meta property=\"og:image\" content=\"https:\/\/www.iax.es\/musax\/wp-content\/uploads\/sites\/3\/2017\/12\/Imagen1-min-11.png\" \/>\n\t<meta property=\"og:image:width\" content=\"2592\" \/>\n\t<meta property=\"og:image:height\" content=\"1456\" \/>\n<meta name=\"twitter:card\" content=\"summary_large_image\" \/>\n<meta name=\"twitter:label1\" content=\"Tiempo de lectura\" \/>\n\t<meta name=\"twitter:data1\" content=\"2 minutos\" \/>\n<script type=\"application\/ld+json\" class=\"yoast-schema-graph\">{\"@context\":\"https:\/\/schema.org\",\"@graph\":[{\"@type\":\"WebSite\",\"@id\":\"https:\/\/www.iax.es\/musax\/#website\",\"url\":\"https:\/\/www.iax.es\/musax\/\",\"name\":\"MusaX\",\"description\":\"Museo Alfonso X el Sabio\",\"potentialAction\":[{\"@type\":\"SearchAction\",\"target\":{\"@type\":\"EntryPoint\",\"urlTemplate\":\"https:\/\/www.iax.es\/musax\/?s={search_term_string}\"},\"query-input\":\"required name=search_term_string\"}],\"inLanguage\":\"es\"},{\"@type\":\"ImageObject\",\"@id\":\"https:\/\/www.iax.es\/musax\/publicaciones\/#primaryimage\",\"inLanguage\":\"es\",\"url\":\"https:\/\/www.iax.es\/musax\/wp-content\/uploads\/sites\/3\/2017\/12\/Imagen1-min-11.png\",\"contentUrl\":\"https:\/\/www.iax.es\/musax\/wp-content\/uploads\/sites\/3\/2017\/12\/Imagen1-min-11.png\",\"width\":2592,\"height\":1456},{\"@type\":\"WebPage\",\"@id\":\"https:\/\/www.iax.es\/musax\/publicaciones\/#webpage\",\"url\":\"https:\/\/www.iax.es\/musax\/publicaciones\/\",\"name\":\"Publicaciones &ndash; MusaX\",\"isPartOf\":{\"@id\":\"https:\/\/www.iax.es\/musax\/#website\"},\"primaryImageOfPage\":{\"@id\":\"https:\/\/www.iax.es\/musax\/publicaciones\/#primaryimage\"},\"datePublished\":\"2017-01-21T15:57:07+00:00\",\"dateModified\":\"2017-12-22T15:35:02+00:00\",\"breadcrumb\":{\"@id\":\"https:\/\/www.iax.es\/musax\/publicaciones\/#breadcrumb\"},\"inLanguage\":\"es\",\"potentialAction\":[{\"@type\":\"ReadAction\",\"target\":[\"https:\/\/www.iax.es\/musax\/publicaciones\/\"]}]},{\"@type\":\"BreadcrumbList\",\"@id\":\"https:\/\/www.iax.es\/musax\/publicaciones\/#breadcrumb\",\"itemListElement\":[{\"@type\":\"ListItem\",\"position\":1,\"name\":\"Portada\",\"item\":\"https:\/\/www.iax.es\/musax\/\"},{\"@type\":\"ListItem\",\"position\":2,\"name\":\"Publicaciones\"}]}]}<\/script>\n<!-- \/ Yoast SEO plugin. -->","_links":{"self":[{"href":"https:\/\/www.iax.es\/musax\/wp-json\/wp\/v2\/pages\/54"}],"collection":[{"href":"https:\/\/www.iax.es\/musax\/wp-json\/wp\/v2\/pages"}],"about":[{"href":"https:\/\/www.iax.es\/musax\/wp-json\/wp\/v2\/types\/page"}],"author":[{"embeddable":true,"href":"https:\/\/www.iax.es\/musax\/wp-json\/wp\/v2\/users\/1"}],"replies":[{"embeddable":true,"href":"https:\/\/www.iax.es\/musax\/wp-json\/wp\/v2\/comments?post=54"}],"version-history":[{"count":3,"href":"https:\/\/www.iax.es\/musax\/wp-json\/wp\/v2\/pages\/54\/revisions"}],"predecessor-version":[{"id":424,"href":"https:\/\/www.iax.es\/musax\/wp-json\/wp\/v2\/pages\/54\/revisions\/424"}],"wp:featuredmedia":[{"embeddable":true,"href":"https:\/\/www.iax.es\/musax\/wp-json\/wp\/v2\/media\/21"}],"wp:attachment":[{"href":"https:\/\/www.iax.es\/musax\/wp-json\/wp\/v2\/media?parent=54"}],"curies":[{"name":"wp","href":"https:\/\/api.w.org\/{rel}","templated":true}]}}

<p><strong>Ejemplares bibliográficos sobre el Musax (Museo Alfonso X)</strong></p>
<p><a href="https://www.iax.es/musax/wp-content/uploads/2017/01/PortadaLibroMusax2.jpg"><img loading="lazy" class="size-thumbnail wp-image-55 alignnone" src="https://www.iax.es/musax/wp-content/uploads/2017/01/PortadaLibroMusax2-150x150.jpg" alt="" width="150" height="150" /></a></p>
<p>Gómez Sánchez, Juan Pedro (Coordinador) (2009): <em><a href="https://www.iax.es/musax/wp-content/uploads/2017/01/Libro_MUSAX.pdf">Musax. Museo Alfonso X el Sabio de Murcia (clic para descargar PDF)</a></em>, Servicio de Publicaciones de la Consejería de Educación, Formación y Empleo de la Región de Murcia</p>
<p><strong>Ejemplares bibliográficos sobre el patrimonio del Instituto Alfonso X el Sabio de Murcia (configuración de las colecciones, de los gabinetes, aspectos históricos, sociales y científicos)</strong></p>
<p><a href="https://www.iax.es/musax/wp-content/uploads/2017/01/Verdu_Paya.jpg"><img loading="lazy" class="alignnone size-thumbnail wp-image-56" src="https://www.iax.es/musax/wp-content/uploads/2017/01/Verdu_Paya-150x150.jpg" alt="" width="150" height="150" /></a></p>
<p>Verdú Payá, Rafael (1958): <em>Lo que el Instituto ha hecho por     Murcia</em>, Ediciones Nogués</p>
<p><a href="https://www.iax.es/musax/wp-content/uploads/2017/01/Libro_hernandzPina_1983.jpg"><img loading="lazy" class="alignnone size-thumbnail wp-image-57" src="https://www.iax.es/musax/wp-content/uploads/2017/01/Libro_hernandzPina_1983-150x150.jpg" alt="" width="150" height="150" /></a></p>
<p>Hernández Pina, Fuensanta (1983): <em>El Primer Centro Oficial de Segunda Enseñanza en Murcia</em>, Ed. Universidad de Murcia</p>
<p><a href="https://www.iax.es/musax/wp-content/uploads/2017/01/Libro_Ramon_1987.jpg"><img loading="lazy" class="alignnone size-thumbnail wp-image-58" src="https://www.iax.es/musax/wp-content/uploads/2017/01/Libro_Ramon_1987-150x150.jpg" alt="" width="150" height="150" /></a></p>
<p>Jiménez Madrid, Ramón (1987): <em>Instituto Alfonso X el Sabio: 150 Años de Historia</em>, Editora Regional de Murcia</p>
<p><a href="https://www.iax.es/musax/wp-content/uploads/2017/01/LibroCatalogoRamon_1987.jpg"><img loading="lazy" class="alignnone size-thumbnail wp-image-59" src="https://www.iax.es/musax/wp-content/uploads/2017/01/LibroCatalogoRamon_1987-150x150.jpg" alt="" width="150" height="150" /></a></p>
<p>Jiménez Madrid, Ramón (Coordinador) (1987): <em>150 Años de Enseñanza Media. Instituto Alfonso X el Sabio de Murcia, </em>Catálogo Exposición, Consejería de Cultura, Educación y Turismo de la Comunidad Autónoma de la Región de Murcia</p>
<p><a href="https://www.iax.es/musax/wp-content/uploads/2017/01/Libro_Ramon_2007.jpg"><img loading="lazy" class="alignnone size-thumbnail wp-image-60" src="https://www.iax.es/musax/wp-content/uploads/2017/01/Libro_Ramon_2007-150x150.jpg" alt="" width="150" height="150" /></a></p>
<p>Jiménez Madrid, Ramón (Coordinador) (2007): <em>Fondos de Educación del Instituto Alfonso X</em>, Consejería de Educación y Cultura, Murcia, 2007</p>
<p><a href="https://www.iax.es/musax/wp-content/uploads/2017/01/Libro_Vidal_2008.jpg"><img loading="lazy" class="alignnone size-thumbnail wp-image-62" src="https://www.iax.es/musax/wp-content/uploads/2017/01/Libro_Vidal_2008-150x150.jpg" alt="" width="150" height="150" /></a> <a href="https://www.iax.es/musax/wp-content/uploads/2017/01/Soporte_Digital.jpg"><img loading="lazy" class="alignnone size-thumbnail wp-image-64" src="https://www.iax.es/musax/wp-content/uploads/2017/01/Soporte_Digital-150x150.jpg" alt="" width="150" height="150" /></a></p>
<p>Vidal de Labra, José Abelardo (2008): <em>El Museo de Física y su contexto histórico-docente</em>, Fundación Séneca, Murcia</p>
<p><a href="https://www.iax.es/musax/wp-content/uploads/2017/01/LibroCoordVidalW.jpg"><img loading="lazy" class="alignnone size-thumbnail wp-image-65" src="https://www.iax.es/musax/wp-content/uploads/2017/01/LibroCoordVidalW-150x150.jpg" alt="" width="150" height="150" /></a></p>
<p>Proyecto de Investigación de VVAA (Quiñonero Cervantes, García Mateos, López García, Vidal de Labra, Muñoz Ripoll, López Fernández)</p>
<p><strong>Publicaciones capitulares</strong></p>
<p>&#8211; López Fernández, Carlos (2005): «Proyección científica del Instituto Provincial de Segunda Enseñanza», en <em>Ciencia e Instituciones Científicas en la Región de Murcia (1750-1936),</em> Valera Candel, Manuel (Ed.), Fundación Séneca, Murcia, 2005, p. 137 y ss.</p>
<p>&#8211; López Fernández, Carlos (2005): (relacionado con la cultura y ciencia murciana, en el mismo libro): «La Universidad Libre de Murcia», p. 161 y ss.</p>

Ejemplares bibliográficos sobre el Musax (Museo Alfonso X) Gómez Sánchez, Juan Pedro (Coordinador) (2009): Musax. Museo Alfonso X el Sabio de Murcia (clic para descargar PDF), Servicio de Publicaciones de la Consejería de Educación, Formación y Empleo de la Región de Murcia Ejemplares bibliográficos sobre el patrimonio del Instituto Alfonso X el Sabio de Murcia [&hellip;]

<!-- This site is optimized with the Yoast SEO plugin v16.6.1 - https://yoast.com/wordpress/plugins/seo/ -->
<title>Publicaciones &ndash; MusaX</title>
<meta name="robots" content="index, follow, max-snippet:-1, max-image-preview:large, max-video-preview:-1" />
<link rel="canonical" href="https://www.iax.es/musax/publicaciones/" />
<meta property="og:locale" content="es_ES" />
<meta property="og:type" content="article" />
<meta property="og:title" content="Publicaciones &ndash; MusaX" />
<meta property="og:description" content="Ejemplares bibliográficos sobre el Musax (Museo Alfonso X) Gómez Sánchez, Juan Pedro (Coordinador) (2009): Musax. Museo Alfonso X el Sabio de Murcia (clic para descargar PDF), Servicio de Publicaciones de la Consejería de Educación, Formación y Empleo de la Región de Murcia Ejemplares bibliográficos sobre el patrimonio del Instituto Alfonso X el Sabio de Murcia [&hellip;]" />
<meta property="og:url" content="https://www.iax.es/musax/publicaciones/" />
<meta property="og:site_name" content="MusaX" />
<meta property="article:modified_time" content="2017-12-22T15:35:02+00:00" />
<meta property="og:image" content="https://www.iax.es/musax/wp-content/uploads/sites/3/2017/12/Imagen1-min-11.png" />
	<meta property="og:image:width" content="2592" />
	<meta property="og:image:height" content="1456" />
<meta name="twitter:card" content="summary_large_image" />
<meta name="twitter:label1" content="Tiempo de lectura" />
	<meta name="twitter:data1" content="2 minutos" />
<script type="application/ld+json" class="yoast-schema-graph">{"@context":"https://schema.org","@graph":[{"@type":"WebSite","@id":"https://www.iax.es/musax/#website","url":"https://www.iax.es/musax/","name":"MusaX","description":"Museo Alfonso X el Sabio","potentialAction":[{"@type":"SearchAction","target":{"@type":"EntryPoint","urlTemplate":"https://www.iax.es/musax/?s={search_term_string}"},"query-input":"required name=search_term_string"}],"inLanguage":"es"},{"@type":"ImageObject","@id":"https://www.iax.es/musax/publicaciones/#primaryimage","inLanguage":"es","url":"https://www.iax.es/musax/wp-content/uploads/sites/3/2017/12/Imagen1-min-11.png","contentUrl":"https://www.iax.es/musax/wp-content/uploads/sites/3/2017/12/Imagen1-min-11.png","width":2592,"height":1456},{"@type":"WebPage","@id":"https://www.iax.es/musax/publicaciones/#webpage","url":"https://www.iax.es/musax/publicaciones/","name":"Publicaciones &ndash; MusaX","isPartOf":{"@id":"https://www.iax.es/musax/#website"},"primaryImageOfPage":{"@id":"https://www.iax.es/musax/publicaciones/#primaryimage"},"datePublished":"2017-01-21T15:57:07+00:00","dateModified":"2017-12-22T15:35:02+00:00","breadcrumb":{"@id":"https://www.iax.es/musax/publicaciones/#breadcrumb"},"inLanguage":"es","potentialAction":[{"@type":"ReadAction","target":["https://www.iax.es/musax/publicaciones/"]}]},{"@type":"BreadcrumbList","@id":"https://www.iax.es/musax/publicaciones/#breadcrumb","itemListElement":[{"@type":"ListItem","position":1,"name":"Portada","item":"https://www.iax.es/musax/"},{"@type":"ListItem","position":2,"name":"Publicaciones"}]}]}</script>
<!-- / Yoast SEO plugin. -->
